052
-13322 (base 4) to base 2
-111111010
Convert 43020 (base 5) to base 6.
21205
What is -1112101 (base 3) in base 2?
-10001011101
What is -6682 (base 9) in base 5?
-124214
Convert -2013 (base 6) to base 12.
-309
Convert -37b (base 13) to base 3.
-211120
Convert 46 (base 7) to base 13.
28
What is b46 (base 15) in base 5?
40131
What is -1001000000 (base 2) in base 10?
-576
What is 2766 (base 9) in base 13?
c45
Convert -2adb (base 15) to base 7.
-35561
234 (base 9) to base 3
21011
What is -32065 (base 8) in base 16?
-3435
What is 1222001 (base 3) in base 2?
10110011000
-273f (base 16) to base 15
-2e9c
Convert 122243 (base 6) to base 2.
10101010010011
165 (base 7) to base 15
66
Convert -4517 (base 13) to base 15.
-2cd8
What is 653 (base 15) in base 7?
4110
Convert -3021023 (base 4) to base 12.
-754b
1003323 (base 4) to base 7
15450
Convert -15073 (base 10) to base 4.
-3223201
What is 5432 (base 9) in base 16?
f9e
-215631 (base 7) to base 16
-949e
What is -11462 (base 7) in base 2?
-101110101000
Convert -10020 (base 4) to base 16.
-108
-310 (base 5) to base 10
-80
What is 3450 (base 6) in base 9?
1113
What is -31322 (base 5) in base 14?
-a91
Convert 23e3 (base 16) to base 10.
9187
2856 (base 10) to base 16
b28
Convert -d (base 16) to base 5.
-23
What is 10201 (base 6) in base 3?
1212201
12012021 (base 3) to base 12
2237
Convert -436 (base 9) to base 10.
-357
What is -721 (base 12) in base 13?
-616
What is 242 (base 9) in base 8?
310
33c1 (base 16) to base 11
9a55
Convert -21010 (base 3) to base 2.
-11000000
What is -12 (base 12) in base 16?
-e
What is 2111202 (base 3) in base 12?
1085
-673 (base 9) to base 10
-552
-1d8 (base 15) to base 3
-120212
What is 291a (base 16) in base 15?
31b7
210000200 (base 3) to base 8
35737
Convert -15780 (base 10) to base 6.
-201020
Convert 144504 (base 6) to base 16.
36b8
Convert -10113 (base 6) to base 15.
-5e6
What is -482 (base 10) in base 13?
-2b1
What is 122202 (base 3) in base 7?
1253
What is 22113 (base 4) in base 7?
1635
What is -1430042 (base 5) in base 12?
-1545a
What is 1007 (base 9) in base 11?
60a
212 (base 8) to base 5
1023
1010000 (base 2) to base 3
2222
What is 10041 (base 5) in base 15?
2d1
Convert 682 (base 10) to base 12.
48a
-271 (base 11) to base 2
-101000000
43e (base 16) to base 3
1111020
What is -11010000000 (base 2) in base 4?
-122000
-33bb (base 13) to base 6
-53324
-4963 (base 11) to base 3
-22220002
1220130 (base 6) to base 9
107860
Convert -111110001001011 (base 2) to base 6.
-403151
Convert 558 (base 14) to base 4.
100202
Convert 111001101011111 (base 2) to base 10.
29535
920 (base 10) to base 11
767
Convert 20324 (base 5) to base 15.
5e4
1222121 (base 4) to base 13
313a
Convert 1070 (base 9) to base 12.
560
What is -16 (base 11) in base 5?
-32
What is -243341 (base 5) in base 4?
-2100011
Convert 326 (base 16) to base 2.
1100100110
What is 2a2a (base 16) in base 4?
2220222
What is 1a2 (base 13) in base 5?
2201
Convert 124 (base 11) to base 4.
2103
What is -86b (base 12) in base 11?
-a23
347 (base 10) to base 6
1335
-24880 (base 10) to base 9
-37114
Convert -738 (base 9) to base 4.
-21122
What is 13185 (base 10) in base 5?
410220
Convert -11340 (base 5) to base 3.
-1011022
5584 (base 11) to base 15
22a2
What is -2068 (base 12) in base 14?
-1408
What is -214613 (base 7) in base 9?
-56628
What is 101110111110001 (base 2) in base 9?
35881
What is -a4 (base 11) in base 6?
-310
What is -121101 (base 3) in base 11?
-372
What is 1024424 (base 5) in base 2?
100010001010001
Convert -111101100 (base 2) to base 16.
-1ec
-868 (base 10) to base 12
-604
5872 (base 14) to base 12
8aa4
-110100 (base 3) to base 2
-101001101
What is -213421 (base 5) in base 9?
-11078
Convert -dae9 (base 15) to base 16.
-b508
What is -2221 (base 5) in base 2?
-100110111
Convert 2410 (base 7) to base 2.
1101111001
Convert 19 (base 13) to base 7.
31
-440a (base 11) to base 16
-16ba
421 (base 9) to base 5
2333
608a (base 12) to base 4
2203222
Convert -4243 (base 8) to base 12.
-1343
Convert -9e (base 15) to base 7.
-302
a127 (base 11) to base 8
32224
Convert -211341 (base 5) to base 6.
-52504
Convert 32231 (base 4) to base 7.
2513
Convert 3434 (base 8) to base 14.
940
What is 221111210 (base 3) in base 15?
579c
-1101 (base 2) to base 16
-d
-425 (base 6) to base 15
-ab
-102010 (base 3) to base 7
-606
What is 6062 (base 9) in base 3?
20002002
-303 (base 7) to base 13
-b7
1b956 (base 12) to base 15
c2a6
5c1 (base 15) to base 16
51a
Convert -712 (base 9) to base 3.
-210102
-100320 (base 4) to base 11
-8a2
Convert -907 (base 14) to base 5.
-24041
What is -290 (base 12) in base 9?
-480
-5273 (base 10) to base 13
-2528
-3026 (base 7) to base 11
-874
-778 (base 14) to base 8
-2706
Convert -2662 (base 15) to base 4.
-2000000
Convert 42402 (base 5) to base 13.
13b5
1102012 (base 3) to base 4
100013
-782 (base 14) to base 2
-10111001110
-15004 (base 7) to base 2
-1000000011000
What is 3850 (base 13) in base 3?
101222121
2014312 (base 5) to base 7
163425
Convert 211 (base 10) to base 2.
11010011
Convert -215604 (base 8) to base 16.
-11b84
-3134 (base 8) to base 15
-738
Convert 156203 (base 7) to base 12.
15b0b
What is -233 (base 13) in base 14?
-1d2
-1402342 (base 5) to base 16
-6f38
-21022 (base 3) to base 6
-525
Convert -544 (base 13) to base 8.
-1605
What is -3422 (base 8) in base 10?
-1810
What is 10000101011 (base 2) in base 8?
2053
Convert -31444 (base 6) to base 12.
-2584
Convert 5071 (base 10) to base 15.
1781
-668 (base 9) to base 12
-398
What is 6a (base 13) in base 11?
80
Convert 256 (base 12) to base 3.
111010
Convert -120221 (base 3) to base 14.
-22a
What is -20162 (base 7) in base 14?
-1ad9
-113313 (base 4) to base 8
-2767
What is -55 (base 8) in base 4?
-231
Convert -12110 (base 9) to base 16.
-1fad
What is -14d (base 16) in base 3?
-110100
What is -451352 (base 6) in base 4?
-21100310
Convert -1202302 (base 5) to base 13.
-a14b
Convert -10120111110 (base 3) to base 15.
-15c9c
What is 1024 (base 12) in base 11?
1357
Convert -1011000001010 (base 2) to base 12.
-3322
Convert 1100 (base 4) to base 5.
310
What is -113506 (base 7) in base 6?
-234504
Convert -2c1a (base 16) to base 9.
-16434
What is -56328 (base 10) in base 5?
-3300303
-2531 (base 7) to base 3
-1022022
Convert 29c (base 15) to base 4.
21111
1451 (base 14) to base 15
10ee
What is -112222102 (base 3) in base 15?
-337e
Convert 12101 (base 3) to base 14.
a5
What is -154 (base 14) in base 9?
-330
-11c0 (base 14) to base 3
-11021010
Convert 46321 (base 8) to base 16.
4cd1
Convert 1011101010010 (base 2) to base 4.
1131102
-1079 (base 14) to base 15
-ca1
-283 (base 15) to base 13
-351
Convert 11125 (base 6) to base 2.
11000011101
Convert 2aa8 (base 15) to base 7.
35462
What is 1b1 (base 13) in base 5?
2223
What is -5341 (base 6) in base 12?
-851
167 (base 12) to base 13
142
-320 (base 14) to base 16
-268
Convert -2a0a (base 13) to base 7.
-23524
-268 (base 9) to base 15
-ee
-1100000011 (base 2) to base 15
-366
What is -1042 (base 9) in base 4?
-23333
Convert -e04 (base 16) to base 8.
-7004
Convert 1027 (base 12) to base 9.
2364
-3b5 (base 12) to base 16
-239
-101402 (base 5) to base 10
-3352
Convert 10010001 (base 3) to base 13.
1057
Convert 3323 (base 11) to base 14.
184d
1a (base 12) to base 2
10110
-3280 (base 10) to base 12
-1a94
-6678 (base 10) to base 15
-1ea3
What is -3019 (base 12) in base 4?
-1101111
What is 1bb4 (base 14) in base 16?
13c2
What is 1648 (base 11) in base 16?
83d
What is 101101000100 (base 2) in base 11?
2192
3b2d (base 16) to base 9
22702
Convert 55425 (base 6) to base 15.
244b
What is -7881 (base 9) in base 7?
-22660
-4140 (base 11) to base 8
-12561
Convert 5098 (base 16) to base 2.
101000010011000
8d (base 14) to base 7
236
-10134 (base 6) to base 5
-20404
1312203 (base 4) to base 15
23ac
115323 (base 6) to base 14
3a5d
Convert -7d (base 16) to base 9.
-148
Convert 2110 (base 4) to base 11.
125
Convert b3b (base 16) to base 11.
2184
-11221 (base 5) to base 4
-30223
-202212 (base 3) to base 7
-1433
4132 (base 12) to base 14
282a
Convert -189b (base 15) to base 3.
-21022002
What is 1658 (base 9) in base 13?
767
-2ce (base 16) to base 7
-2044
Convert -403 (base 10) to base 4.
-12103
Convert 7862 (base 9) to base 7.
22634
Convert 410540 (base